1
What is the value of 1 + -4 + (7 - 2 - 1)?
1
What is the value of 4 + 0 + (0 - -5 - 9)?
0
Calculate 2 - ((1 - 1) + 1).
1
2 - -5 - (16 - 10)
1
Evaluate (3 - 1) + (10 - -3 - 7).
8
Evaluate 0 - (0 + -3 - (-1 + -4)).
-2
12 + -4 - (0 + 4) - 4
0
What is 3 + -5 + 4 + -2?
0
What is the value of (-12 - ((6 - 2) + -10)) + 6?
0
What is 1 - (0 + -6 + 8)?
-1
Calculate -31 + 19 - (1 - 3).
-10
Evaluate 2 + -1 - (-17 - -14).
4
What is 10 - (9 + 10 + -18)?
9
-6 - (0 + -7 + 0)
1
Calculate 7 - (10 + -9 + 10).
-4
What is -16 + 3 + (10 - -1)?
-2
What is 0 + 0 - 1 - 2?
-3
Evaluate 39 + -32 + (-2 - -1).
6
Calculate -61 - -50 - (-3 - 1).
-7
Evaluate 9 - (22 + -10) - 0.
-3
Calculate 2 + -3 - (-8 + (4 - -4)).
-1
What is (-3 - -2) + 2 + (1 - 0)?
2
Calculate -3 + 0 + (-6 - -4 - -3).
-2
Evaluate -2 + -2 + 4 + 2 + -2.
0
Evaluate 10 - 0 - (-46 + 55).
1
What is the value of 8 + (5 - 1 - 6)?
6
(-5 - -4) + 4 - 0
3
What is the value of -1 + 2 + (5 - 2)?
4
Evaluate -1 - -7 - (-7 + 12).
1
What is 4 + 0 + 8 + -10?
2
Calculate 2 - (5 - (5 - 5)) - -7.
4
-6 + 0 + (-6 - (-7 + -12))
7
What is the value of -6 + (-9 - -16) - (0 + -2)?
3
What is -3 + (-6 - (-3 - 1))?
-5
What is -2 + -2 + -3 + 4 + 0?
-3
What is the value of -1 + 0 + -4 + 1?
-4
Evaluate (7 - 5 - -1) + -3.
0
Evaluate 0 + -3 - ((3 - 7) + 1).
0
What is the value of 3 + 0 - ((4 - 2) + -3)?
4
Calculate 5 + 16 + -9 + -17.
-5
What is the value of 11 - (13 + -9 + 10)?
-3
Evaluate 8 + (-1 - 3) + -8 + 2.
-2
5 + (-17 - -3) + 6
-3
Evaluate -4 + -6 + 28 + -17.
1
What is -15 + (13 - 8) - -17?
7
Calculate -1 - 10 - (0 - (18 + -12)).
-5
What is the value of 5 + ((6 - 4) + -8 - -5)?
4
What is (7 + -4 - -4) + -6 + 4?
5
What is 13 + (-12 + 14 - 16)?
-1
Evaluate 7 + (6 - (3 + -1 + 3)).
8
-1 + (-57 - -64) + (-9 - 0)
-3
-5 + 5 + -7 + 5
-2
What is (0 - 1) + (8 + 0 - 4)?
3
Calculate -1 - (-1 + (2 - 1 - 4)).
3
What is the value of 7 - (3 + 3 - 4)?
5
Calculate 1 + 5 + -11 + 0 + -2.
-7
What is the value of -6 - (-11 + 6) - (-1 + 1)?
-1
What is (1 + -11 - -9) + -6?
-7
What is (4 - 3 - -4) + -4?
1
What is 21 - 22 - (1 - 2 - 4)?
4
What is 5 + -15 - -1 - -6 - -6?
3
What is the value of (-2 - 11) + -26 + 44?
5
Calculate -5 + 7 + (4 - 9) + 1.
-2
What is 3 + (8 - 4) + -10 + 2?
-1
What is 8 + 12 - 9 - 8?
3
Evaluate -6 - ((0 + 1 - 6) + -6).
5
Calculate (-19 - (11 + -20)) + 2.
-8
What is the value of (9 - 19) + 5 + 10?
5
Calculate -8 + 7 + 3 + 1 + -7.
-4
Calculate 4 - 6 - -3 - -2.
3
Calculate -2 + -4 - (28 + -29).
-5
Calculate (-18 - -8 - -13) + 0.
3
What is the value of (-5 - 2) + (8 - 6) + 15?
10
What is -2 - (-3 - 0 - 0)?
1
Evaluate 0 - 1 - (-1 + 0).
0
What is the value of -3 + (1 + (-3 - -4) - 2)?
-3
What is -4 + 4 - (-4 - (3 + -3))?
4
What is (2 - 1) + -4 - (-11 - -5)?
3
(2 - (1 + 4)) + 2
-1
What is -8 + (1 + 5 - (0 - -2))?
-4
What is the value of 1 - (1 + -3) - 1?
2
Evaluate (6 + 1 - (18 - 14)) + -5.
-2
Evaluate (-45 - -45) + -4 + 2 + 6.
4
2 + (5 - 7) + -6
-6
Calculate (-6 - (1 + -1)) + 10.
4
-1 + -1 - (-4 - (11 - 8))
5
4 + (-3 - -1) + -5
-3
-7 - (1 + -4 - (0 - 1))
-5
Calculate 3 + 0 + -4 + 3 - 3.
-1
What is -5 - (-4 - (-2 - 1))?
-4
Calculate (2 - 2 - -1) + (6 - 13).
-6
Calculate -1 + (2 + -4 - -8).
5
Evaluate 6 + -4 + (3 - 8).
-3
Evaluate -1 + (15 - 21) + (0 - -6).
-1
Calculate (0 - -3) + -2 - 3.
-2
(1 - 3 - -3 - 2) + -2
-3
Evaluate (0 - 0) + (3 - 3) + 0.
0
Evaluate (-4 - (-1 - -1)) + 3.
-1
What is the value of 41 - 33 - (2 - 1)?
7
What is the value of -1 + 2 + 1 + -7 - -3?
-2
What is the value of -6 + (9 - (-3 + 3)) + -4?
-1
What is the value of -6 + 11 + (4 - 9)?
0
Calculate -9 - (-6 + 1 + -8).
4
What is the value of 1 + (0 - -5) + -6?
0
What is 3 - (-4 + 2) - 0?
5
What is the value of 4 + (-2 - -1) + -2 + 3?
4
6 + (-6 + (5 - -2) - 12)
-5
-3 + 0 + (2 - 2) - -3
0
Evaluate 0 - ((6 - 0) + -7).
1
What is the value of -6 - (6 + 3 + -7)?
-8
-1 - 5 - (-1 + (2 - 4))
-3
What is the value of 1 + -6 - ((-8 - 1) + 3)?
1
-2 - 0 - (-7 + (5 - 4))
4
Evaluate 5 - 3 - (2 - 1) - -2.
3
-11 + (-3 + 6 - (2 - 3))
-7
Calculate 124 + -109 - (6 - (0 - 1)).
8
Evaluate (1 - 3) + (-4 - -5 - 3).
-4
What is (-1 + 2 - 5) + 9?
5
(-4 - (2 - 7)) + 5
6
Calculate -2 + 17 - (4 + (-5 - -6)).
10
Evaluate -7 - (6 + -3 + -1 + -6).
-3
Calculate 8 - (3 + (8 - 5 - 3)).
5
What is the value of -5 - ((2 - 7) + (-27 - -21))?
6
2 - (6 - (5 + 2))
3
Calculate 1 + (-4 - (-2 - 4) - -2).
5
Evaluate -10 + 14 - (5 + -4).
3
Evaluate -10 + 3 - (-10 + -4).
7
What is the value of (-5 - -1) + 2 - (-1 + 2)?
-3
Calculate (-6 + -4 - -5) + 2.
-3
Evaluate (6 - 3 - 0) + 0 + 1.
4
Evaluate 13 + -12 - (1 + (-5 - -2)).
3
Evaluate (-1 - (1 + -4)) + 1.
3
What is the value of -4 - -19 - (-1 + 9) - 7?
0
Calculate -14 + 6 + 6 - -3.
1
What is the value of 54 + -59 + 8 + 0?
3
Calculate -4 - (5 - 1 - 1 - 0).
-7
Evaluate 6 + (1 - 7) + -1.
-1
What is -19 + 20 + (-8 - -9)?
2
What is 1 + 0 + (-10 - -1) + 3?
-5
What is -5 + (-2 + -5 - -5)?
-7
(4 - (-11 - -5)) + -7
3
(-4 + 1 - 1) + 8 + 1
5
What is (-4 - -1) + -1 - -3?
-1
Calculate (-1 - 5) + 13 + -9.
-2
Calculate 4 + (-8 - -7) + -2.
1
What is (-1 + 10 - 3) + (-17 - -7)?
-4
-9 - -11 - (4 - 2)
0
Calculate -8 - -12 - ((2 - 2) + 7).
-3
Calculate -10 + 5 + -3 + 0 + 2.
-6
Calculate -9 - (-1 - 0) - (-38 + 33).
-3
Evaluate (-3 + -1 - (-60 - -62)) + -1.
-7
Calculate (3 - 2) + 1 + 4 + -1.
5
Evaluate 5 + (-5 - (1 + -3)) - 3.
-1
Evaluate 5 - ((5 - 1) + (65 - 63)).
-1
What is the value of (-6 - (-5 - -4)) + (1 - -1)?
-3
What is -58 + 65 + 1 + -12 + 0?
-4
Evaluate (41 - 29) + (2 - 10).
4
Calculate 1 + 0 + 6 + -9 + 6.
4
Evaluate (4 - 6) + (1 - 2) + 4.
1
What is the value of 3 + -2 - (-4 + 7)?
-2
1 - ((0 - (0 - 2)) + -6)
5
Calculate (5 - 2) + (-3 - 5).
-5
Calculate (1 - -2 - 3 - 1) + 0.
-1
Calculate 6 + (0 - (-3 + 3 + 1)).
5
What is the value of (13 - 14) + 0 + -3?
-4
Evaluate 7 + -15 + 16 + -2 + -2.
4
-8 + 4 + 0 + 5 + 3
4
Calculate -4 + 0 + 1 - -7.
4
What is 15 - 14 - (2 + 0) - -5?
4
What is 7 + (13 - (10 + 3))?
7
(15 - -2 - 11) + (-9 - -1)
-2
Calculate -22 - (-8 + (7 - 13)).
-8
What is -1 - -3 - 5 - -8?
5
-2 - (-2 + 3 + -4 + 2)
-1
Calculate (22 - 8) + 2 + 3 + -12.
7
Evaluate 1 + 1 + -8 - (3 - 2).
-7
Calculate -2 - -2 - 0 - (-4 + 4).
0
What is 0 - (6 - (13 - 6)) - -1?
2
What is the value of 0 + 8 + (0 - 3)?
5
What is (8 - (-3 + -2)) + -20?
-7
Evaluate -60 + 66 + -2 + -9.
-5
Evaluate 3 + (-5 - -4) + 0.
2
-11 - -3 - (-11 - -6)
-3
What is -9 + 12 - (0 + 6) - 2?
-5
1 + 9 + (46 - 58)
-2
Evaluate -1 + (1 + 14 + -6 - 4).
4
Evaluate 4 - (1 - (-1 - (3 + -2))).
1
What is -4 - -2 - (-3 - -3)?
-2
-2 + (-2 - 1 - (7 + -11))
-1
What is the value of 6 + 2 - (-1 - -9)?
0
Evaluate (-9 - -10 - -2) + -7.
-4
What is (0 - 2 - -1) + 7 - 7?
-1
What is the value of -3 - (-5 + -4) - (1 - -1)?
4
30 - 36 - (-1 + 1)
-6
Calculate 0 - (-1 - (0 - (7 - 3))).
-3
Evaluate (-1 - -3) + 9 + -11.
0
What is the value of -3 + 3 + 3 + -5?
-2
Calculate 1 - (-2 - -1) - (-1 + 1).
2
11 + -2 - (-81 - -91)
-1
Calculate 0 + 6 + -2 + (-11 - -16).
9
What is the value of 0 + -2 + 5 + (6 - 1)?
8
7 + -5 + 6 + -1
7
(3 - 7) + 1 - (-7 + 2)
2
What is -8 - ((3 - -2) + -4 + -4)?
-5
-3 + (2 - (5 + (2 - 4)))
-4
Calculate 2 + 2 + -11 - -4.
-3
Calculate (-5 - -1) + 5 + (-4 - -5).
2
What is 2 - (-10 - (-3 - 3))?
6
What is the value of -6 - ((1 - (-13 - -6)) + -7)?
-7
6 - (11 - (3 - -4))
2
What is the value of -1 - (8 + -15 - -8)?
-2
11 - (1 + 1 + 2) - 8
-1
-5 + 0 + 5 + 1 + -4
-3
Evaluate (-6 + 2 - 0) + 8.
4
Evaluate 15 - (5 + 18 + -11).
3
What is the value of -2 + (-11 - -5) + 13?
5
Evaluate 13 + -11 + 3 - 7.
-2
Calculate (11 - 11) + -1 + 8.
7
Evaluate 3 + -8 + -1 + 2 + 1.
-3
What is the value of 2 - 5 - (3 - 6)?
0
Evaluate (4 - (-8 - (8 - 17))) + 4.
7
What is 3 + -1 + -4 + (14 - 14)?
-2
What is the value of -6 + -1 + 0 + 49 + -47?
-5
-4 - -9 - (12 - 6)
-1
Evaluate 0 - (4 + -9) - 2.
3
-14 + 14 + -5 + 12
7
What is the value of -5 + (-2 - 0) + 2 + 2?
-3
7 + (-5 + 8 - 6)
4
What is the value of 1 + -3 + 5 + 1?
4
What is the value of -1 - (-11 + 15 + (-2 - 0))?
-3
(2 - (0 + 4)) + -2
-4
0 + (5 - (-3 - -4))
4
0 + 7 + (-4 - 3) + 2
2
Evaluate -2 + 6 + -9 + -1 + 3.
-3
Calculate -16 + (-4 - -15) - 1.
-6
Evaluate -48 + 51 - (0 - -6).
-3
6 + -7 - -1 - (7 - 1)
-6
What is 1 + 3 + -2 - (12 + -4)?
-6
Calculate -21 + 19 - (3 + -2 + -6).
3
Evaluate (1 - 1) + 4 + 4 + -13.
-5
6